tor of 2444?
False
Is 58 a factor of 3944?
True
Is 23 a factor of 74683?
False
Is 8 a factor of 3576?
True
Does 111 divide 2331?
True
Is 5 a factor of 12174?
False
Is 19911 a multiple of 97?
False
Does 47 divide 1990?
False
Is 35870 a multiple of 211?
True
Does 76 divide 24320?
True
Is 24 a factor of 264?
True
Is 797 a multiple of 95?
False
Is 10248 a multiple of 8?
True
Is 3608 a multiple of 44?
True
Does 43 divide 31911?
False
Is 988 a multiple of 57?
False
Is 18985 a multiple of 48?
False
Is 7 a factor of 2932?
False
Is 3 a factor of 279?
True
Is 12 a factor of 54666?
False
Does 64 divide 753?
False
Is 5 a factor of 125?
True
Is 18 a factor of 2322?
True
Is 36 a multiple of 3?
True
Is 201 a multiple of 11?
False
Is 611 a multiple of 47?
True
Is 1909 a multiple of 7?
False
Is 56 a factor of 2800?
True
Is 9 a factor of 989?
False
Is 37 a factor of 10018?
False
Is 62 a factor of 1281?
False
Is 4524 a multiple of 22?
False
Does 50 divide 4250?
True
Is 2339 a multiple of 23?
False
Is 2736 a multiple of 8?
True
Is 41607 a multiple of 27?
True
Does 124 divide 7176?
False
Is 41 a factor of 2091?
True
Is 240 a factor of 28080?
True
Is 19 a factor of 108034?
True
Is 11 a factor of 4679?
False
Is 3059 a multiple of 55?
False
Does 5 divide 195?
True
Is 40 a multiple of 3?
False
Is 22 a factor of 27698?
True
Is 43 a factor of 16264?
False
Is 46 a factor of 4521?
False
Does 4 divide 6040?
True
Is 2662 a multiple of 11?
True
Does 98 divide 1568?
True
Is 9133 a multiple of 68?
False
Is 61 a factor of 7014?
False
Is 6748 a multiple of 14?
True
Is 880 a multiple of 22?
True
Does 17 divide 1275?
True
Does 26 divide 1508?
True
Is 19 a factor of 2770?
False
Is 6 a factor of 46?
False
Is 24581 a multiple of 47?
True
Is 32 a factor of 474?
False
Is 115224 a multiple of 24?
True
Does 9 divide 11799?
True
Is 98484 a multiple of 58?
True
Is 77 a multiple of 2?
False
Is 4374 a multiple of 105?
False
Is 24 a factor of 18403?
False
Is 11 a factor of 1062?
False
Is 689 a multiple of 8?
False
Is 616 a multiple of 4?
True
Is 20 a multiple of 4?
True
Does 5 divide 447?
False
Does 15 divide 1695?
True
Does 13 divide 728?
True
Is 11334 a multiple of 249?
False
Does 33 divide 3163?
False
Does 2 divide 80?
True
Is 7 a factor of 549?
False
Does 19 divide 27472?
False
Is 394 a multiple of 11?
False
Does 21 divide 462?
True
Is 450 a multiple of 50?
True
Is 8316 a multiple of 21?
True
Is 5736 a multiple of 24?
True
Does 98 divide 1274?
True
Is 586 a multiple of 11?
False
Is 56 a factor of 1448?
False
Is 147 a factor of 65856?
True
Is 43 a factor of 27090?
True
Is 2 a factor of 2395?
False
Does 9 divide 2574?
True
Does 218 divide 8017?
False
Is 98 a factor of 21248?
False
Is 59 a factor of 14573?
True
Does 21 divide 10416?
True
Is 2770 a multiple of 50?
False
Does 13 divide 105022?
False
Is 5 a factor of 55?
True
Is 396 a multiple of 14?
False
Is 9 a factor of 4968?
True
Does 3 divide 14089?
False
Is 199 a factor of 13731?
True
Does 27 divide 1053?
True
Is 41 a factor of 17602?
False
Does 47 divide 22325?
True
Is 82874 a multiple of 16?
False
Is 7880 a multiple of 20?
True
Is 10915 a multiple of 37?
True
Is 21201 a multiple of 33?
False
Is 8316 a multiple of 22?
True
Does 42 divide 6266?
False
Is 322 a multiple of 14?
True
Does 6 divide 209?
False
Does 35 divide 44170?
True
Does 4 divide 954?
False
Is 13 a factor of 425?
False
Does 47 divide 6753?
False
Is 426 a multiple of 9?
False
Is 15 a factor of 730?
False
Does 7 divide 561?
False
Does 6 divide 138?
True
Does 5 divide 850?
True
Is 48376 a multiple of 29?
False
Does 25 divide 6188?
False
Is 560 a multiple of 28?
True
Is 85 a factor of 3672?
False
Does 164 divide 12546?
False
Does 17 divide 706?
False
Does 43 divide 408?
False
Is 6993 a multiple of 15?
False
Is 5772 a multiple of 12?
True
Does 47 divide 48964?
False
Is 12 a factor of 936?
True
Does 10 divide 10750?
True
Does 27 divide 770?
False
Does 90 divide 3240?
True
Does 99 divide 7775?
False
Is 78 a factor of 23166?
True
Is 1177 a multiple of 18?
False
Does 3 divide 349?
False
Is 11 a factor of 3395?
False
Is 1777 a multiple of 6?
False
Does 175 divide 15225?
True
Does 34 divide 9331?
False
Does 3 divide 1248?
True
Does 35 divide 3815?
True
Is 104 a factor of 8216?
True
Is 12566 a multiple of 9?
False
Is 6790 a multiple of 10?
True
Is 19416 a multiple of 12?
True
Is 2 a factor of 43?
False
Does 10 divide 72451?
False
Is 4527 a multiple of 66?
False
Is 8 a factor of 11232?
True
Does 32 divide 1093?
False
Is 58052 a multiple of 112?
False
Does 41 divide 2349?
False
Is 756 a multiple of 110?
False
Does 13 divide 91?
True
Does 77 divide 7931?
True
Is 9 a factor of 3339?
True
Is 42 a factor of 4326?
True
Does 7 divide 11922?
False
Does 32 divide 80064?
True
Is 12 a factor of 5136?
True
Does 13 divide 16455?
False
Is 323 a multiple of 3?
False
Is 58 a factor of 3886?
True
Does 11 divide 682?
True
Is 43 a factor of 39646?
True
Does 3 divide 4736?
False
Is 540 a multiple of 45?
True
Is 2552 a multiple of 14?
False
Is 6 a factor of 1610?
False
Does 8 divide 13171?
False
Does 29 divide 1160?
True
Does 241 divide 22895?
True
Is 8 a factor of 850?
False
Is 676 a multiple of 13?
True
Is 105 a factor of 41370?
True
Is 5886 a multiple of 19?
False
Is 627 a multiple of 33?
True
Does 97 divide 1261?
True
Is 34 a factor of 782?
True
Is 14940 a multiple of 15?
True
Is 558 a multiple of 18?
True
Does 17 divide 1190?
True
Is 14408 a multiple of 111?
False
Does 14 divide 29170?
False
Is 1250 a multiple of 55?
False
Does 17 divide 9282?
True
Does 6 divide 408?
True
Does 151 divide 35393?
False
Is 1172 a multiple of 51?
False
Does 3 divide 153?
True
Does 30 divide 1870?
False
Is 3073 a multiple of 119?
False
Is 7424 a multiple of 64?
True
Does 68 divide 55352?
True
Does 12 divide 40411?
False
Does 4 divide 257?
False
Is 130 a factor of 780?
True
Does 3 divide 2729?
False
Is 81 a factor of 1053?
True
Is 5 a factor of 2915?
True
Does 12 divide 10001?
False
Is 40 a factor of 500?
False
Does 91 divide 6006?
True
Does 337 divide 57627?
True
Does 73 divide 4015?
True
Does 51 divide 19176?
True
Is 20516 a multiple of 8?
False
Does 91 divide 6588?
False
Does 76 divide 2812?
True
Is 27 a factor of 3321?
True
Does 82 divide 703?
False
Does 4 divide 1154?
False
Is 74 a factor of 978?
False
Is 3 a factor of 2136?
True
Is 4 a factor of 11650?
False
Does 72 divide 1944?
True
Is 32 a factor of 26607?
False
Does 12 divide 8148?
True
Does 11 divide 5938?
False
Does 7 divide 3002?
False
Is 6 a factor of 684?
True
Is 4027 a multiple of 45?
False
Is 17 a factor of 11577?
True
Is 10 a factor of 21090?
True
Does 27 divide 12146?
False
Is 35 a factor of 7425?
False
Does 90 divide 3884?
False
Is 25919 a multiple of 25?
False
Is 53130 a multiple of 35?
True
Is 10167 a multiple of 33?
False
Is 1125 a multiple of 43?
False
Is 744 a multiple of 28?
False
Is 125 a factor of 24375?
True
Is 88160 a multiple of 76?
True
Is 1285 a multiple of 5?
True
Is 8 a factor of 918?
False
Is 4 a factor of 6530?
False
Is 13 a factor of 191?
False
Does 14 divide 6347?
False
Is 404 a multiple of 21?
False
Is 15 a factor of 191?
False
Is 30 a factor of 7059?
False
Is 15 a factor of 3070?
False
Is 3140 a multiple of 10?
True
Does 61 divide 113225?
False
Is 97608 a multiple of 249?
True
Does 12 divide 6765?
False
Is 4 a factor of 148?
True
Is 36 a factor of 648?
True
Is 94926 a multiple of 64?
False
Does 37 divide 17748?
False
Is 198 a multiple of 7?
False
Is 163 a factor of 8965?
True
Does 37 divide 7807?
True
Is 12 a factor of 72900?
True
Is 1479 a multiple of 21?
False
Does 27 divide 5262?
False
Is 37 a factor of 814?
True
Is 720 a multiple of 16?
True
Is 20519 a multiple of 71?
True
Is 13301 a multiple of 22?
False
Does 41 divide 10824?
True
Is 20369 a multiple of 227?
False
Is 1076 a multiple of 2?
True
Does 4 divide 4898?
False
Is 6746 a multiple of 28?
False
Is 36 a factor of 4447?
False
Is 71883 a multiple of 42?
False
Does 22 divide 2285?
False
Is 24 a factor of 96?
True
Is 2967 a multiple of 23?
True
Is 925 a multiple of 37?
True
Is 10 a factor of 69320?
True
Is 19 a factor of 475?
True
Is 1547 a multiple of 27?
False
Is 32196 a multiple of 125?
False
Is 2850 a multiple of 14?
False
Is 5252 a multiple of 15?
False
Does 31 divide 4